*x + 2*b - 2 - 0, 3*x - 43 = 5*b. Suppose x = 3*v - m - 2*m, 0 = -2*m. List the prime factors of v*(3 - 0/3).
2, 3
Let b be 0 + (-6)/(12/(-10)). Suppose 0 = 3*c + 2*c - 5*m - 90, 4*c - b*m = 68. What are the prime factors of c?
2, 11
Suppose 0 = -5*j - 11 - 4. Suppose 2 = -g, -3*k + 5*g + 22 = -0*k. Let q = k - j. List the prime factors of q.
7
Let v(j) = -j**2 - 7*j + 22. What are the prime factors of v(-9)?
2
What are the prime factors of ((-31)/7 + 3)*-7?
2, 5
Suppose 6 = -0*c + 2*c. Suppose -c*a = -4 - 11. Let m = a - 2. List the prime factors of m.
3
Let g(h) = 4*h**2 - 3 + 3 - 2. Let k be g(3). Suppose 3*d + 3*z - 48 = 0, 4*z = 4*d + 2*z - k. What are the prime factors of d?
11
Let z(m) = 4*m + 0*m - 2*m. Let x(d) = d - 4. Let u be x(7). What are the prime factors of z(u)?
2, 3
Let j(v) = v**3 - 3*v**2 + 3*v. Let x be j(2). Let c = 16 - x. What are the prime factors of c?
2, 7
Let g(i) = -9*i - 5. Suppose h - 1 = -4*b - 10, -3*b + 3*h = 3. What are the prime factors of g(b)?
13
Suppose -7*w + 42 = -5*w. What are the prime factors of w?
3, 7
Suppose -7*b = -2*b - 35. What are the prime factors of 2 + -2 + -1 + b?
2, 3
Suppose 6 - 8 = -t. Suppose p - 6 = 2*k, 1 = p + t*k - 5. What are the prime factors of p?
2, 3
What are the prime factors of (-18 - 0)*14/(-21)?
2, 3
Let d(u) = -u**3 - 6*u**2 - 5*u - 6. What are the prime factors of d(-6)?
2, 3
Suppose -19*d + 23*d - 864 = 0. What are the prime factors of d?
2, 3
Suppose -9*c + 5*c = -116. What are the prime factors of c?
29
Suppose -w = 3*w - j - 82, -4*j = 4*w - 72. List the prime factors of w.
2, 5
Suppose -2*w = -5*l - 115, -4*w + 5*l = -123 - 102. Suppose 2*q + 5*p = w, -8 = -q + 2*p + 6. What are the prime factors of q?
2, 5
Let g(d) = -15*d + 5. What are the prime factors of g(-5)?
2, 5
Let q be 25*(3 - (-1 - -3)). Suppose -q = -5*i, 2*i + 1 = -c + 3*i. What are the prime factors of c?
2
Suppose 15*t + 396 = 24*t. List the prime factors of t.
2, 11
Let f(k) = -k**3 + 5*k**2 - 2*k - 2. Let n be f(5). Let h be ((-3)/(-2))/(n/(-32)). Suppose h*m - 17 - 7 = 0. List the prime factors of m.
2, 3
Suppose 0 = 8*k - 2*k - 942. What are the prime factors of k?
157
Suppose f - 87 = -3*l + 4*f, 99 = 3*l + 3*f. List the prime factors of l.
31
Let s(f) = -f**2 - 11*f - 6. List the prime factors of s(-10).
2
Suppose -3*a + 5*t = 0, -2*a + 4*t + 22 = -4*a. Let p be a/2 + 4/(-8). Let w = p - -5. What are the prime factors of w?
2
Let r = -5 - 2. Let j = 11 + r. Suppose 0 = -j*c - 3*a + 50, -2*c + 0*c = -2*a - 18. List the prime factors of c.
11
Suppose -5*q - 2*b = 2*b + 7, 5*b + 13 = -2*q. Let j = 4 + -7. Let l = q - j. What are the prime factors of l?
2
Let p(u) be the second derivative of u**5/20 - u**4 - 2*u**3 - u**2 + u. What are the prime factors of p(13)?
11
Suppose -5*z + 14 = -w, -2*w = 2*z - z + 6. Let q(b) = 3*b - 5*b - 7 + z. List the prime factors of q(-5).
5
Let f(y) = -y - 2. Let n be f(-5). Suppose q - n = -4*o, 0 = -2*o + 5*o. Suppose -5 = 2*x - q*m, -3*x - 2*m = -8*x + 4. List the prime factors of x.
2
Let q(p) = -3*p. Let m be q(-3). Let u = m - 5. List the prime factors of (10/u + -2)*4.
2
Let z = 37 + -81. Let w = -1 - z. List the prime factors of w.
43
Let o(s) = -3*s - 5. Suppose 5 + 1 = 3*d. Let r be 10/1*(-1)/d. List the prime factors of o(r).
2, 5
Suppose q = -3*q + 32. What are the prime factors of q?
2
What are the prime factors of 13 - (2 + -2 + 2)?
11
Suppose 6*x = 2*x + 12. Let g = 3 + x. List the prime factors of g.
2, 3
Let k(f) = f**2 - 5*f + 3. Let m be k(5). Let x(w) = -4*w**2 - 4*w - w + 13*w**2 - w**3 - m. List the prime factors of x(8).
3, 7
Suppose 0 = 5*k - k - 492. What are the prime factors of k?
3, 41
Suppose -5*a = -2*a - 5*z - 429, 417 = 3*a - z. List the prime factors of a.
2, 3, 23
Suppose -9 = 3*r + 9. What are the prime factors of r + 4 + (-1 - -37)?
2, 17
What are the prime factors of 4*(6/3)/(4/113)?
2, 113
Suppose -i = -3*i + 74. What are the prime factors of i?
37
Suppose -2*z + z + a = -245, -z + 247 = -2*a. List the prime factors of z.
3
Suppose 2*g + 2*m + 11 = 27, -3*m = -4*g + 4. Suppose -3*v + g = -5. What are the prime factors of v?
3
Let o be (-2 - -4)*(1 + 1). Suppose t - 32 = o*w, 2*w + 3*w - 5 = 0. Suppose -3*u + 5*n - 1 = 0, 3*n + n = -2*u + t. What are the prime factors of u?
2
Let t be (1/(-2))/((-3)/(-24)). Let d be (-3 - 0)/(6/t). Suppose -i + 7 - d = 0. What are the prime factors of i?
5
Let p be 0 + -2 - (-2 - 1). What are the prime factors of (1 + -3)/(-2) + p?
2
Let o = -8 - -23. Let j = o + -21. Let f = j + 10. What are the prime factors of f?
2
Let j be 0 + -1*(-1)/1. Suppose 5 - j = -w. List the prime factors of 36/10*(-10)/w.
3
List the prime factors of (15/6)/(-5) + 1864/16.
2, 29
Suppose 0 = 17*l - 18*l + 94. List the prime factors of l.
2, 47
Let b = 14 + -5. Let i(t) = 4*t - 12. What are the prime factors of i(b)?
2, 3
Let c be 4 + (-5 - -1 - -2). Let y be 1 + -1 - -2*c. Suppose -4*k + y = -2*k. List the prime factors of k.
2
What are the prime factors of ((-32)/6)/(11/(-33))?
2
Let d = 226 - 59. What are the prime factors of d?
167
Suppose 5*c = 27 - 102. Let p = c + 0. What are the prime factors of (1 - (-21)/p)*-35?
2, 7
Let g(b) = 4*b - 14. Let i be g(11). Suppose 0 = 5*a - 4*j - 35, 6*a - a - i = 5*j. What are the prime factors of a?
11
Let u(o) = -o**2 + 11*o + 1. Suppose 2*i = -2*s - 3*i + 21, -3*s = 2*i - 26. List the prime factors of u(s).
5
Let a(g) = g**3 + 2*g**2 - 4*g. Let w be a(-3). Let o be 0*w/(-3)*-1. Suppose o = 4*b + 19 - 63. What are the prime factors of b?
11
Suppose 2*m - 6 = -3*t, -6*t = -t + 2*m - 6. Suppose -4*s + 32 = -t*s. What are the prime factors of (-4)/s - (-18)/4?
2
Let z = 73 - 50. What are the prime factors of z?
23
Let z(i) = i - 4. Let t be z(3). Let q be (-18)/(t + (-2)/4). Suppose -4*k + 60 = -q. What are the prime factors of k?
2, 3
Let w(v) = -v + 12. Let a be w(9). Let b(l) = -l**3 + 3*l**2 - 4*l + 3. Let x be b(a). List the prime factors of (-80)/(-6) - 6/x.
2, 7
Suppose 7 = -3*v + 52. Let n be (-202)/18 - 4/(-18). Let z = v + n. List the prime factors of z.
2
Let y = -148 - -444. List the prime factors of 4/6 - y/(-24).
13
Suppose 16 = -0*s + 4*s. Suppose 5*i - 3*u - s = 0, -7*u = i - 3*u - 10. Suppose -4*o = -i*o - 12. List the prime factors of o.
2, 3
Let q = -5 - -8. Suppose 4 = -h + q. List the prime factors of (1 - -1) + h + 10.
11
Let a = 2 + 0. Suppose -a*y - 8 = -4*y. What are the prime factors of y?
2
Suppose 15 = -3*a + 4*w + 2, 0 = 5*a + 2*w - 13. Let v be (a + -4)/(3/(-2)). Let c = v + 5. What are the prime factors of c?
7
Let k be ((-50)/(-8))/(3/(-12)). Let d = 35 + k. What are the prime factors of d?
2, 5
Let u = -3 + 6. Suppose -8 - 1 = -u*l. List the prime factors of (-1)/3 - (-46)/l.
3, 5
Suppose 2*j - 48 = -4*y + 18, 5*y = -4*j + 81. What are the prime factors of y?
17
Let p = 68 + -66. What are the prime factors of p?
2
Let m(x) = -x**2 - 9*x. Let u be m(-9). Let k = u + 5. List the prime factors of (-58)/(-10) + 1/k.
2, 3
Let y = 16 + 2. What are the prime factors of y?
2, 3
Let x = -2 + 7. Suppose x*j - 98 + 8 = 0. List the prime factors of j.
2, 3
Suppose -121 = -y - i, 0 = 5*y - 4*i - 431 - 174. List the prime factors of y.
11
List the prime factors of (4/3)/((-23)/(-966)).
2, 7
Let j(z) = -z**2 + 5*z - 1. Let a be j(3). Let h = a - -14. What are the prime factors of h?
19
Let p(i) be the first derivative of 3*i**4/2 + i**3/3 + i**2/2 - 2*i + 2. What are the prime factors of p(2)?
2, 13
Let i = 179 + -118. What are the prime factors of i?
61
Let r(y) = -y**2 + 5*y + 5. Let f be r(6). What are the prime factors of 6*(10/4 + f)?
3
Suppose 4*a = -2*l - 22, -2*l = a + 5 + 2. Let j = a + 11. Let q(x) = -x**3 + 7*x**2 - 6*x + 4. What are the prime factors of q(j)?
2
Let p(w) = -5*w**2 - 1. Let h(f) = -f**2 - f - 1. Let m(i) = 6*h(i) - p(i). Let o be m(-5). Suppose -3*d + 5 + 10 = o. What are the prime factors of d?
5
Suppose 0*z + 3*z + 4*g - 28 = 0, 4*z + 2*g - 24 = 0. Suppose 3*k + 0 - z = -m, m + 2 = 0. What are the prime factors of k?
2
Suppose 2*s - 7 - 5 = -4*t, 3*t - 2 = 2*s. Suppose -s*l = 1 - 31. What are the prime factors of l?
3, 5
Suppose 3*z - 3*b = -3, 0*z = -z + 3*b - 9. Suppose -2*l + 28 = 4*r, -2*l + l + z*r + 34 = 0. List the prime f